 factors of s.
2, 13
Let p(o) = 32*o - 35. List the prime factors of p(4).
3, 31
Let c = 10 + -8. Suppose -c*b = -0*b - 96. List the prime factors of b.
2, 3
Let i(c) = 9*c + 3 + 10*c**2 - 19*c**2 + 10*c**2 + 1. Let m = -34 - -24. List the prime factors of i(m).
2, 7
Let b be 24/(-20)*8/12*5. Let f = 34 + b. What are the prime factors of f?
2, 3, 5
Let z(f) = -76*f**3 - 2*f**2 + f + 1. List the prime factors of z(-1).
2, 37
Let v(o) = -3*o**3 + 2*o**2 + 4*o + 15. List the prime factors of v(-5).
2, 3, 5, 7
Let v(c) = 217*c**2 - 5*c - 2. List the prime factors of v(1).
2, 3, 5, 7
Let w be ((-9)/(-15) + -1)/((-1)/30). Let r = 19 + w. List the prime factors of r.
31
Suppose -y + 745 = 2*g, 0 = 2*g - 4*y - 153 - 567. What are the prime factors of g?
2, 5, 37
Let d = 1595 - -332. What are the prime factors of d?
41, 47
Let r be (-2)/10*-4373 - 4/(-10). Suppose 4*q = -3*q + r. List the prime factors of q.
5
Suppose 2*b - 4*p = -4, 4*b - 3 + 7 = 4*p. Suppose 7*v - 66 - 179 = b. List the prime factors of v.
5, 7
Suppose 4*j + 7*j = 132. Suppose -j*l + 18*l - 1092 = 0. What are the prime factors of l?
2, 7, 13
Let t be 1/((-1)/(-298)*-2). Let k = 231 + t. List the prime factors of k.
2, 41
Let v(c) = 1904*c - 56. What are the prime factors of v(1)?
2, 3, 7, 11
Let h(y) be the third derivative of -49*y**4/24 + 49*y**3/6 - 11*y**2. Let b(u) = -4*u + 4. Let f(z) = 35*b(z) - 3*h(z). List the prime factors of f(6).
5, 7
Let n(k) = 17*k + 2. Let d be n(-4). Let o be (d/4)/(4/8). Let y = 98 + o. What are the prime factors of y?
5, 13
Let g(k) = k + 5. Let s be g(-3). List the prime factors of (-1)/2 + 259/s + 4.
7, 19
Suppose -b = 3*x + 10, 5*x + 10 = -0*b + 5*b. List the prime factors of 110 - (-8 + 7 + x).
2, 3, 19
Let y(k) = -6*k + 3. Let o(x) = -x - 1. Let m(t) = -2*o(t) - y(t). Let i = -7 - -8. What are the prime factors of m(i)?
7
Suppose 4*a - 17 = -2*y - 3*y, -5*y + 11 = 2*a. Suppose a*w - 1 - 5 = 0. Suppose 0 = o + w*h - 30, 3*h = 2*h - 3. What are the prime factors of o?
2, 3
Suppose -5*n - d + 10 = 0, -n + 4*d + 5 = -6*n. Suppose 276 = -0*q + n*q. What are the prime factors of q?
2, 23
Let g(m) = -m**3 + m - 11. Let t be 4/(-2)*3 - -1. List the prime factors of g(t).
109
Let x(o) = 20*o + 11. Let y(p) = -p - 1. Let m(v) = x(v) - 2*y(v). What are the prime factors of m(3)?
79
Suppose 2*y = -5*c + y + 110, 100 = 5*c - y. Suppose 0 = -250*w + 248*w + 32. Suppose -c*a = -w*a - 105. What are the prime factors of a?
3, 7
Let z = -53 + 28. Let p = z - -64. List the prime factors of p.
3, 13
Let o be (-10 + 14)/(2/(-38)). Let x = o + 134. What are the prime factors of x?
2, 29
Let c be (-2)/7 + (-440)/(-70). Let y = c + -11. Let t = y - -25. What are the prime factors of t?
2, 5
Suppose -3*d + 2 = -4, 0 = -2*y - 2*d + 462. Suppose 7*m = y + 289. Let g = -24 + m. What are the prime factors of g?
2, 5
Let m(n) = -13*n**2 - 19*n - 7. Let r(g) = -6*g**2 - 9*g - 4. Suppose -3*j = -j - 8. Let v(s) = j*m(s) - 9*r(s). What are the prime factors of v(-6)?
2, 5
Suppose -4*h = -9*h + 5. Suppose 3*x - h = 59. Suppose 2*t - x = -4. What are the prime factors of t?
2
Let l = 54 + -22. List the prime factors of l.
2
What are the prime factors of (27 - -10)/(3/735*5)?
7, 37
Suppose -6*h = 2*q - 3*h - 3288, -4*q + 5*h = -6532. What are the prime factors of q?
2, 3, 7, 13
Suppose 0*o - 2*l + 2 = 2*o, -4*o + 6 = 3*l. Let i(c) = c**3 - c**2 + c - 1. Let a be i(o). Let x = a - 15. List the prime factors of x.
5
List the prime factors of -1 - 0 - (-342 + 24/(-8)).
2, 43
Let k(b) = b**2 - 6*b + 3. Let v be k(6). What are the prime factors of 2*(v - 75/(-2))?
3
Suppose 0 = -h - h + 4. Suppose 0 = -2*x + h*k - k + 27, x + 9 = 5*k. Suppose -u = 5*j - 34, 2*u = -5*j + x + 47. What are the prime factors of u?
29
Let q(y) = 29*y + 2. Suppose 12 - 36 = -8*k. List the prime factors of q(k).
89
Suppose 2*l + l - 2083 = -5*c, 5*l = 5*c + 3485. List the prime factors of l.
2, 3, 29
Let z be 3*((-8)/(-12))/1. Suppose 24 = 2*q - 2*a, 2*a = -z*a - 20. Let m(y) = 3*y - 4. List the prime factors of m(q).
17
Let c(z) be the second derivative of 2*z**3/3 - z**2 - 7*z. Let g be c(3). What are the prime factors of 28 + g + -1 + -1?
2, 3
Let g be (0 + -4 + 4)*-1. Suppose g = -5*b + x + 108, -82 = -3*b - b + 3*x. Suppose 7*o + b = 9*o. What are the prime factors of o?
11
Suppose 0 = -2*f - 3 + 9. Suppose 0 = u - 5*g - 5, -5*u - f*g = -109. List the prime factors of 76/6*30/u.
19
Let a(v) = -2*v**3 + 0*v**3 + 3*v**3 + 2*v + 50 - v**2. Let u(g) = g**2 + g. Let m be u(0). List the prime factors of a(m).
2, 5
Suppose -5*a = -a - 4, 5*n - 5*a = 15615. List the prime factors of n.
2, 11, 71
Suppose 9*f - 1104 - 1740 = 0. What are the prime factors of f?
2, 79
Let t(v) = -v**2 + 7*v + 12. Let m(x) = x**3 - 2*x - 2*x + 6*x**2 + 6*x + 3*x + 7. Let q be m(-5). List the prime factors of t(q).
2, 3
Suppose -33*b = -40*b + 3892. List the prime factors of b.
2, 139
Suppose -d + 2*n = -1608, 4*d + 3*n - 5207 - 1214 = 0. List the prime factors of d.
2, 11, 73
Suppose -3*x - 4*g = -0*g - 976, 3*x = 5*g + 940. List the prime factors of x.
2, 5
Suppose -9*j + 8*j = 5. Let m = 29 - j. Suppose -m*h - 26 = -36*h. What are the prime factors of h?
13
Let j be (-2)/((-5)/((-135)/6)). Let p = j - -13. Suppose -7*r = -p*r - 147. List the prime factors of r.
7
Suppose y + 2*w = -4 + 3, -17 = -y + 4*w. Suppose 88 = 2*d + 4*c, d - y*d + 5*c + 228 = 0. List the prime factors of d.
2, 13
Let g = 5079 - 591. List the prime factors of g.
2, 3, 11, 17
Let c(t) = t - 2. Let l be c(2). Suppose l = -5*h - 3*k + 10 + 20, -4*k + 29 = 3*h. Suppose h*i - 24 - 66 = 0. What are the prime factors of i?
2, 3, 5
Let h(g) = 76*g**2 + 7*g - 5. What are the prime factors of h(-4)?
7, 13
Let d be 12/16 - 3/4. Suppose -39 = -5*s - 14. Suppose 0*k - 4*k + 5*m + 205 = 0, s*k + 2*m - 215 = d. List the prime factors of k.
3, 5
Let c be (-275)/5 - (-6)/(-3). Let k = c + 163. What are the prime factors of k?
2, 53
Suppose -h = -64 - 168. List the prime factors of h.
2, 29
Let v be (9*(4/(-4))/3)/(-1). Suppose -353 - 295 = -v*o. What are the prime factors of o?
2, 3
Let y(t) = -t**3 - 15*t**2 - 13*t + 16. Let c be y(-14). Suppose -c*v = -v - 71. What are the prime factors of v?
71
Suppose 2*i = q - 11, -5*i - 4*q - 2 = 6. Let f(j) = -2*j - 3. Let g be f(i). Let t(y) = y**2 - 2*y - 4. List the prime factors of t(g).
11
Let s(d) = -d - 9*d - 10 - 4*d + d**3 + 4*d**2 + 0*d. List the prime factors of s(-6).
2
Let k be 1/(-1) - (-13 - -7). Let l(v) = 2*v**2 - 3*v - 5. List the prime factors of l(k).
2, 3, 5
Let m(r) = -r**2 + 18*r + 27. Let b be m(20). Let l = 29 - b. List the prime factors of l.
2, 3, 7
Let j(z) = -11 - 3*z - 2*z + 4*z + 3*z. Let s be j(13). Suppose 0 = a + 4*b - s, a + 3*a - 98 = 3*b. List the prime factors of a.
23
Suppose -5*q + 5058 = 5*g - 10522, -3*g + 5*q = -9356. List the prime factors of g.
3, 1039
Suppose -7167 + 18723 = 9*y. What are the prime factors of y?
2, 3, 107
Let o = 2438 - 653. What are the prime factors of o?
3, 5, 7, 17
Let o(y) = 3*y**3 + 2*y**2 - y. Let g be o(1). Suppose -g*q = -173 + 61. List the prime factors of q.
2, 7
Suppose 316*g + 12780 = 320*g. List the prime factors of g.
3, 5, 71
Let r = 89 + -50. Let x = 59 - r. List the prime factors of (8/x)/(1/20).
2
Suppose -5*d + 9 = 4*g - 11, -d + 4 = -g. Suppose -2*p + 28 = 2*r, -2*p + 3*p = g. List the prime factors of 0 - (1 - (r - -3)).
2
Let v = 107 + -30. Let f = v + 44. List the prime factors of f.
11
Suppose -t - 4*r + r = -24, -2*t + 2*r + 88 = 0. Let m = t + -22. List the prime factors of m.
17
Let o = 25 - 21. What are the prime factors of o/(-26) - (-6776)/104?
5, 13
Suppose -4*d + 36 = -y - 2*y, 0 = 5*d - 5*y - 50. Let b be (d/(-12))/((-2)/8). List the prime factors of 20 + 2*1/b.
3, 7
Suppose -4*v + 1080 = -0*v - 3*f, 270 = v - 5*f. List the prime factors of v.
2, 3, 5
Let t be -58 - -1*(-2 - 2). Let s = 59 - t. List the prime factors of s.
11
Let y = -200 - -478. List the prime factors of y.
2, 139
Let y(o) = -o + 4 - 12 + 3*o. Let d be y(6). Suppose -d*j = 5 - 41. What are the prime factors of j?
3
Let l(p) = 2*p**2 - 8*p - 13. Let w be l(-4). Suppose -4*s = 2*k - w - 1, k - 29 = -5*s. List the prime factors of k.
2, 3
Let t = 324 - -145. List the pr